{"id":84,"date":"2020-12-06T10:38:57","date_gmt":"2020-12-06T12:38:57","guid":{"rendered":"http:\/\/www.egecom.com.br\/?page_id=84"},"modified":"2020-12-06T15:15:43","modified_gmt":"2020-12-06T17:15:43","slug":"contato","status":"publish","type":"page","link":"http:\/\/www.egecom.com.br\/?page_id=84","title":{"rendered":"CONTATO"},"content":{"rendered":"\n<p><strong>EGECOM ENGENHARIA E CONSTRU\u00c7\u00c3O LTDA<\/strong><\/p>\n\n\n\n<p><strong>ESCRIT\u00d3RIO COMERCIAL<\/strong><\/p>\n\n\n\n<p>RUA ANITA GARIBALDI, 45 \u2013 CJ 910 \u2013 PRA\u00c7A DA S\u00c9 \u2013SP \u2013 CEP 01018-020<\/p>\n\n\n\n<p>FONE: (11)&nbsp; 2092 3347<\/p>\n\n\n\n<p>email: egecom@egecom.com.br<\/p>\n\n\n\n<p><strong>DEP\u00d3SITO\/CANTEIRO DE OBRAS<\/strong> \u00fc RUA SECUNDINO DOMINGUES , 418 \u2013 JARDIM&nbsp; INDEPEND\u00caNCIA \u2013&nbsp;&nbsp;&nbsp;&nbsp;&nbsp;&nbsp; S\u00c3O PAULO \u2013 SP \u2013 CEP 03223-110. \u00fc RUA ADELINO GOMES MARQUEZ, 22 \u2013 JARDIM BRIGIDA&nbsp; &#8211;&nbsp; FERRAZ DE VASCONCELOS \u2013 S\u00c3O PAULO \u2013 CEP&nbsp; 08536-060.<\/p>\n","protected":false},"excerpt":{"rendered":"<p>EGECOM ENGENHARIA E CONSTRU\u00c7\u00c3O LTDA ESCRIT\u00d3RIO COMERCIAL RUA ANITA GARIBALDI, 45 \u2013 CJ 910 \u2013 PRA\u00c7A DA S\u00c9 \u2013SP \u2013 CEP 01018-020 FONE: (11)&nbsp; 2092 3347 email: egecom@egecom.com.br DEP\u00d3SITO\/CANTEIRO DE OBRAS \u00fc RUA SECUNDINO DOMINGUES , 418 \u2013 JARDIM&nbsp; INDEPEND\u00caNCIA \u2013&nbsp;&nbsp;&nbsp;&nbsp;&nbsp;&nbsp; S\u00c3O PAULO \u2013 SP \u2013 CEP 03223-110. \u00fc RUA ADELINO GOMES MARQUEZ, 22 \u2013 [&hellip;]<\/p>\n","protected":false},"author":1,"featured_media":0,"parent":0,"menu_order":0,"comment_status":"closed","ping_status":"closed","template":"templates\/template-page-full-width.php","meta":[],"_links":{"self":[{"href":"http:\/\/www.egecom.com.br\/index.php?rest_route=\/wp\/v2\/pages\/84"}],"collection":[{"href":"http:\/\/www.egecom.com.br\/index.php?rest_route=\/wp\/v2\/pages"}],"about":[{"href":"http:\/\/www.egecom.com.br\/index.php?rest_route=\/wp\/v2\/types\/page"}],"author":[{"embeddable":true,"href":"http:\/\/www.egecom.com.br\/index.php?rest_route=\/wp\/v2\/users\/1"}],"replies":[{"embeddable":true,"href":"http:\/\/www.egecom.com.br\/index.php?rest_route=%2Fwp%2Fv2%2Fcomments&post=84"}],"version-history":[{"count":1,"href":"http:\/\/www.egecom.com.br\/index.php?rest_route=\/wp\/v2\/pages\/84\/revisions"}],"predecessor-version":[{"id":85,"href":"http:\/\/www.egecom.com.br\/index.php?rest_route=\/wp\/v2\/pages\/84\/revisions\/85"}],"wp:attachment":[{"href":"http:\/\/www.egecom.com.br\/index.php?rest_route=%2Fwp%2Fv2%2Fmedia&parent=84"}],"curies":[{"name":"wp","href":"https:\/\/api.w.org\/{rel}","templated":true}]}}