{"id":10,"date":"2020-11-19T22:05:08","date_gmt":"2020-11-20T00:05:08","guid":{"rendered":"http:\/\/www.egecom.com.br\/?page_id=10"},"modified":"2020-12-06T15:40:45","modified_gmt":"2020-12-06T17:40:45","slug":"sobre","status":"publish","type":"page","link":"http:\/\/www.egecom.com.br\/?page_id=10","title":{"rendered":"SERVI\u00c7OS"},"content":{"rendered":"\n<p>Constru\u00e7\u00e3o de infraestrutura de canaliza\u00e7\u00e3o subterr\u00e2nea e seus correlatos nas \u00e1reas urbanas e interurbanas em todos os tipos de solo, incluindo rochoso com equipamentos apropriados para a execu\u00e7\u00e3o de cada tipo de obra. As Vantagens&nbsp; de&nbsp; uma obra executada com o M\u00e9todo&nbsp; N\u00e3o Destrutivo s\u00e3o diversas, tais como:&nbsp; Precis\u00e3o na execu\u00e7\u00e3o, R\u00e1pida mobiliza\u00e7\u00e3o, N\u00e3o obstru\u00e7\u00e3o ao tr\u00e1fego,&nbsp; Reduzida quebra de pavimento , Curto per\u00edodo de execu\u00e7\u00e3o,&nbsp; entre outras. Toda obra executada com mapeamento das interfer\u00eancias locais para preservar a integridade&nbsp; das redes existentes.<\/p>\n\n\n\n<p class=\"has-text-align-center\"><strong><span class=\"has-inline-color has-vivid-red-color\">FOTOS OBRAS MND\/EQUIPAMENTOS<\/span><\/strong><\/p>\n\n\n\n<div class=\"wp-block-image\"><figure class=\"aligncenter size-large\"><img loading=\"lazy\" width=\"604\" height=\"317\" src=\"http:\/\/www.egecom.com.br\/wp-content\/uploads\/2020\/12\/image-8.png\" alt=\"\" class=\"wp-image-204\" srcset=\"http:\/\/www.egecom.com.br\/wp-content\/uploads\/2020\/12\/image-8.png 604w, http:\/\/www.egecom.com.br\/wp-content\/uploads\/2020\/12\/image-8-300x157.png 300w\" sizes=\"(max-width: 604px) 100vw, 604px\" \/><\/figure><\/div>\n","protected":false},"excerpt":{"rendered":"<p>Constru\u00e7\u00e3o de infraestrutura de canaliza\u00e7\u00e3o subterr\u00e2nea e seus correlatos nas \u00e1reas urbanas e interurbanas em todos os tipos de solo, incluindo rochoso com equipamentos apropriados para a execu\u00e7\u00e3o de cada tipo de obra. As Vantagens&nbsp; de&nbsp; uma obra executada com o M\u00e9todo&nbsp; N\u00e3o Destrutivo s\u00e3o diversas, tais como:&nbsp; Precis\u00e3o na execu\u00e7\u00e3o, R\u00e1pida mobiliza\u00e7\u00e3o, N\u00e3o obstru\u00e7\u00e3o [&hellip;]<\/p>\n","protected":false},"author":1,"featured_media":7,"parent":0,"menu_order":0,"comment_status":"closed","ping_status":"closed","template":"templates\/template-page-full-width.php","meta":[],"_links":{"self":[{"href":"http:\/\/www.egecom.com.br\/index.php?rest_route=\/wp\/v2\/pages\/10"}],"collection":[{"href":"http:\/\/www.egecom.com.br\/index.php?rest_route=\/wp\/v2\/pages"}],"about":[{"href":"http:\/\/www.egecom.com.br\/index.php?rest_route=\/wp\/v2\/types\/page"}],"author":[{"embeddable":true,"href":"http:\/\/www.egecom.com.br\/index.php?rest_route=\/wp\/v2\/users\/1"}],"replies":[{"embeddable":true,"href":"http:\/\/www.egecom.com.br\/index.php?rest_route=%2Fwp%2Fv2%2Fcomments&post=10"}],"version-history":[{"count":9,"href":"http:\/\/www.egecom.com.br\/index.php?rest_route=\/wp\/v2\/pages\/10\/revisions"}],"predecessor-version":[{"id":209,"href":"http:\/\/www.egecom.com.br\/index.php?rest_route=\/wp\/v2\/pages\/10\/revisions\/209"}],"wp:featuredmedia":[{"embeddable":true,"href":"http:\/\/www.egecom.com.br\/index.php?rest_route=\/wp\/v2\/media\/7"}],"wp:attachment":[{"href":"http:\/\/www.egecom.com.br\/index.php?rest_route=%2Fwp%2Fv2%2Fmedia&parent=10"}],"curies":[{"name":"wp","href":"https:\/\/api.w.org\/{rel}","templated":true}]}}